{"id":104,"date":"2017-05-31T20:56:44","date_gmt":"2017-05-31T20:56:44","guid":{"rendered":"http:\/\/fremdkoerper.biz\/wordpress\/?page_id=104"},"modified":"2020-08-05T20:20:34","modified_gmt":"2020-08-05T18:20:34","slug":"band","status":"publish","type":"page","link":"https:\/\/fremdkoerper.biz\/wordpress\/index.php\/band\/","title":{"rendered":"Band."},"content":{"rendered":"<p>Fremdkoerper &#8212; das sind f\u00fcnf Sauerl\u00e4nder Jungs, die in der aktuellen Besetzung seit 2016 deutschsprachigen Punk&#8217;n&#8217;Roll von der B\u00fchne in die Geh\u00f6rg\u00e4nge jagen. Nach unz\u00e4hligen Gigs in der Heimatregion sowie Clubs in Heidelberg, Mainz oder K\u00f6ln besitzen die Koerper heute eine treue Fanbase und blicken auf Konzerte mit Bands wie Sondaschule, Kapelle Petra und Jaya the Cat zur\u00fcck. Folgerichtig wurde im Fr\u00fchjahr 2018 das aktuelle Album &#8222;Raus aus Melancholia&#8220; professionell im Studio vertont und im August desselben Jahres vor 200 Besuchern vorgestellt. Die Ver\u00f6ffentlichung der Platte bei <a href=\"https:\/\/open.spotify.com\/artist\/2F8WXGiwMXsRcdRGvQf5NQ\" target=\"_blank\" rel=\"noopener noreferrer\">Spotify<\/a>, Deezer und weiteren Streamingdiensten erfolgte direkt im Anschluss. <\/p>\n<p>Fremdkoerper sind:<br \/>\n<a href=\"#florian\">Florian<\/a> | <a href=\"#erik\">Erik<\/a> | <a href=\"#ecky\">Ecky<\/a> | <a href=\"#sascha\">Sascha<\/a> | <a href=\"#jonas\">Jonas<\/a><\/p>\n\n\n<div id=\"gslideshow\" class=\"gss-container\">\n\t<div class=\"cycle-slideshow\" \n\t\tdata-cycle-slides=\"> a\"\n\t\tdata-cycle-paused=\"true\"\n\t\tdata-cycle-prev=\"#gslideshow_prev\"\n\t\tdata-cycle-next=\"#gslideshow_next\"\n\t\tdata-cycle-pager=\"#gslideshow_pager\"\n\t\tdata-cycle-pager-template=\"<a href=#>&nbsp;<\/a>\"\n\t\tdata-cycle-speed=\"750\"\n\t\tdata-cycle-caption=\"#gslideshow_captions\"\n\t\tdata-cycle-caption-template=\"{{cycleCaption}}\"\n\t\t>\n\t\t\t<div id=\"gslideshow_pager\" class=\"gss-pager\"><\/div>\n\t\t\t<a href=\"https:\/\/fremdkoerper.biz\/wordpress\/wp-content\/uploads\/2017\/08\/Band1.jpg\" data-cycle-caption=\"Die Koerper (v. l. n. r.: Sebastian, Jonas, Sascha, Erik, Florian)\"><img decoding=\"async\" src=\"https:\/\/fremdkoerper.biz\/wordpress\/wp-content\/uploads\/2017\/08\/Band1.jpg\" title=\"Band1\" alt=\"Band1\" \/><\/a>\n\n\t\t\t<a href=\"https:\/\/fremdkoerper.biz\/wordpress\/wp-content\/uploads\/2017\/08\/Band2.jpg\" data-cycle-caption=\"Die Koerper (v. l. n. r.: Erik, Sascha, Ecky, Florian, Jonas)\"><img decoding=\"async\" src=\"https:\/\/fremdkoerper.biz\/wordpress\/wp-content\/uploads\/2017\/08\/Band2.jpg\" title=\"Band2\" alt=\"Band2\" \/><\/a>\n\n\t\t\t<a href=\"https:\/\/fremdkoerper.biz\/wordpress\/wp-content\/uploads\/2017\/08\/Band3.jpg\" data-cycle-caption=\"Die Koerper (v. l. n. r.: Sascha, Jonas, Florian, Erik, Ecky)\"><img decoding=\"async\" src=\"https:\/\/fremdkoerper.biz\/wordpress\/wp-content\/uploads\/2017\/08\/Band3.jpg\" title=\"Band3\" alt=\"Band3\" \/><\/a>\n\n\t\t\t<a href=\"https:\/\/fremdkoerper.biz\/wordpress\/wp-content\/uploads\/2017\/08\/Band4.jpg\" data-cycle-caption=\"Die Koerper (v. l. n. r.: Sascha, Erik, Florian, Jonas, Ecky)\"><img decoding=\"async\" src=\"https:\/\/fremdkoerper.biz\/wordpress\/wp-content\/uploads\/2017\/08\/Band4.jpg\" title=\"Band4\" alt=\"Band4\" \/><\/a>\n\n\t\t\t<a href=\"https:\/\/fremdkoerper.biz\/wordpress\/wp-content\/uploads\/2017\/08\/Band5.jpg\" data-cycle-caption=\"Die Koerper (v. l. n. r.: Ecky, Jonas, Sascha, Erik, Florian)\"><img decoding=\"async\" src=\"https:\/\/fremdkoerper.biz\/wordpress\/wp-content\/uploads\/2017\/08\/Band5.jpg\" title=\"Band5\" alt=\"Band5\" \/><\/a>\n\n\t\t\t<a href=\"https:\/\/fremdkoerper.biz\/wordpress\/wp-content\/uploads\/2017\/08\/Band6.jpg\" data-cycle-caption=\"Die Koerper (v. l. n. r.: Sascha, Erik, Florian, Jonas, Ecky)\"><img decoding=\"async\" src=\"https:\/\/fremdkoerper.biz\/wordpress\/wp-content\/uploads\/2017\/08\/Band6.jpg\" title=\"Band6\" alt=\"Band6\" \/><\/a>\n\n\t\t\t<a href=\"https:\/\/fremdkoerper.biz\/wordpress\/wp-content\/uploads\/2017\/08\/Band7.jpg\" data-cycle-caption=\"Die Koerper (v. l. n. r.: Ecky, Florian, Erik, Sascha, Jonas)\"><img decoding=\"async\" src=\"https:\/\/fremdkoerper.biz\/wordpress\/wp-content\/uploads\/2017\/08\/Band7.jpg\" title=\"Band7\" alt=\"Band7\" \/><\/a>\n\t<\/div>\n\t<div class=\"gss-info\">\n\t\t<div class=\"gss-nav\"><div id=\"gslideshow_prev\" class=\"gss-prev\">&lt;<\/div><div id=\"gslideshow_play\" class=\"gss-play\">&#9658;<\/div><div id=\"gslideshow_next\" class=\"gss-next\">&gt;<\/div><\/div><div class=\"gss-long-cap\">Die Koerper (v. l. n. r.: Sebastian, Jonas, Sascha, Erik, Florian)<\/div><div id=\"gslideshow_captions\" class=\"gss-captions\"><\/div>\n\t<\/div>\n<\/div>\n\n\n<p><!-- FLORIAN --><\/p>\n<div id=\"florian\" style=\"float: left; margin-right: 0px;\">\n<p><a href=\"https:\/\/fremdkoerper.biz\/wordpress\/wp-content\/uploads\/2017\/08\/IMG_9362-e1503414661527.jpg\"><img loading=\"lazy\" decoding=\"async\" class=\"alignnone wp-image-633\" style=\"border-radius: 25px;\" title=\"Florian - S\u00e4nger\" src=\"https:\/\/fremdkoerper.biz\/wordpress\/wp-content\/uploads\/2017\/08\/FK_Rahmen_Radi_klein.png\" alt=\"\" width=\"250\" height=\"250\" \/><\/a><\/p>\n<\/div>\n<div style=\"float: left;\">\n<p><strong>Florian<\/strong><\/p>\n<ul style=\"margin-top: 0; padding: 0;\">\n<li>Gesang<\/li>\n<li>Texte<\/li>\n<li>Web-Kram<\/li>\n<li>E-Mail-Beauftragter <a href=\"&#x6d;&#97;&#105;l&#x74;&#x6f;&#58;g&#x69;&#x67;&#115;&#64;&#x66;&#x72;&#101;m&#x64;&#x6b;&#111;e&#x72;&#x70;&#101;r&#x2e;&#x62;&#105;&#122;\" class=\"fa fa-envelope\"><\/a><\/li>\n<li><span style=\"color: #dd9933;\">Der Mann f\u00fcr die Front<\/span><\/li>\n<\/ul>\n<p><!--\n \t\n\n<li>E-Mail-Beauftragter <a href=\"mail&#116;&#111;&#58;&#103;&#105;&#x67;&#x73;&#x40;&#x66;&#x72;&#x65;&#x6d;dkoe&#114;&#112;&#101;&#114;&#46;&#x62;&#x69;&#x7a;\" class=\"fa fa-envelope\"><\/a><\/li>\n\n\n--><\/p>\n<\/div>\n<div style=\"clear: both;\"><\/div>\n<p><!-- ERIK --><\/p>\n<div id=\"erik\" style=\"float: left;\"><a href=\"https:\/\/fremdkoerper.biz\/wordpress\/wp-content\/uploads\/2017\/08\/IMG_9523-e1503608306815.jpg\"><img loading=\"lazy\" decoding=\"async\" class=\"alignnone wp-image-729\" src=\"https:\/\/fremdkoerper.biz\/wordpress\/wp-content\/uploads\/2017\/08\/FK_Rahmen_E_klein.png\" alt=\"\" width=\"250\" height=\"250\" srcset=\"https:\/\/fremdkoerper.biz\/wordpress\/wp-content\/uploads\/2017\/08\/FK_Rahmen_E_klein.png 250w, https:\/\/fremdkoerper.biz\/wordpress\/wp-content\/uploads\/2017\/08\/FK_Rahmen_E_klein-150x150.png 150w, https:\/\/fremdkoerper.biz\/wordpress\/wp-content\/uploads\/2017\/08\/FK_Rahmen_E_klein-90x90.png 90w\" sizes=\"auto, (max-width: 250px) 100vw, 250px\" \/><\/a><\/div>\n<div style=\"float: left;\">\n<p><strong>Erik<\/strong><\/p>\n<ul style=\"margin-top: 0; padding: 0;\">\n<li>Bass<\/li>\n<li>Gesang<\/li>\n<li>Melodien<\/li>\n<li>Texte<\/li>\n<li>Videobeauftragter<\/li>\n<li><span style=\"color: #dd9933;\">Der Mann f\u00fcr die Muse<\/span><\/li>\n<\/ul>\n<\/div>\n<div style=\"clear: both;\"><\/div>\n<p>&nbsp;<\/p>\n<p><!-- ECKY --><\/p>\n<div id=\"ecky\" style=\"float: left;\"><a href=\"https:\/\/fremdkoerper.biz\/wordpress\/wp-content\/uploads\/2017\/08\/IMG_9454-e1503576597388.jpg\"><img loading=\"lazy\" decoding=\"async\" class=\"alignnone wp-image-110\" src=\"https:\/\/fremdkoerper.biz\/wordpress\/wp-content\/uploads\/2017\/08\/FK_Rahmen_Ecky_klein.png\" alt=\"\" width=\"250\" height=\"250\" \/><\/a><\/div>\n<div style=\"float: left;\">\n<p><strong>Ecky<\/strong><\/p>\n<ul style=\"margin-top: 0; padding: 0;\">\n<li>Gitarre<\/li>\n<li>Gesang<\/li>\n<li>Melodien<\/li>\n<li>Proberaumchef<\/li>\n<li>Technikbeauftragter<\/li>\n<li><span style=\"color: #dd9933;\">Der Mann f\u00fcr die Technik<\/span><\/li>\n<\/ul>\n<\/div>\n<div style=\"clear: both;\"><\/div>\n<p>&nbsp;<\/p>\n<p><!-- SASCHA --><\/p>\n<div id=\"sascha\" style=\"float: left; margin-right: 0px;\"><a href=\"https:\/\/fremdkoerper.biz\/wordpress\/wp-content\/uploads\/2017\/08\/IMG_9445-e1503576471578.jpg\"><img loading=\"lazy\" decoding=\"async\" class=\"alignnone wp-image-518 size-medium\" style=\"border-radius: 25px;\" title=\"Florian - S\u00e4nger\" src=\"https:\/\/fremdkoerper.biz\/wordpress\/wp-content\/uploads\/2017\/08\/FK_Rahmen_Sascha_klein.png\" alt=\"\" width=\"250\" height=\"250\" \/><\/a><\/div>\n<div style=\"float: left;\">\n<p><strong>Sascha<\/strong><\/p>\n<ul style=\"margin-top: 0; padding: 0;\">\n<li>Gitarre<\/li>\n<li>Melodien<\/li>\n<li>Rhetorikbeauftragter<\/li>\n<li><span style=\"color: #dd9933;\">Der Mann f\u00fcr die schlauen Spr\u00fcche<\/span><\/li>\n<\/ul>\n<\/div>\n<div style=\"clear: both;\"><\/div>\n<p>&nbsp;<\/p>\n<p><!-- JONAS --><\/p>\n<div id=\"jonas\" style=\"float: left;\"><a href=\"https:\/\/fremdkoerper.biz\/wordpress\/wp-content\/uploads\/2017\/08\/IMG_9422-e1503576268771.jpg\"><img loading=\"lazy\" decoding=\"async\" class=\"alignnone wp-image-114 size-medium\" src=\"https:\/\/fremdkoerper.biz\/wordpress\/wp-content\/uploads\/2017\/08\/FK_Rahmen_Helmat_klein.png\" alt=\"\" width=\"250\" height=\"250\" \/><\/a><\/div>\n<div style=\"float: left;\">\n<p><strong>Jonas<\/strong><\/p>\n<ul style=\"margin-top: 0; padding: 0;\">\n<li>Schlagzeug<\/li>\n<li>Melodien<\/li>\n<li>Trinkbeauftragter<\/li>\n<li><span style=\"color: #dd9933;\">Der Mann f\u00fcr die Flasche<\/span><\/li>\n<\/ul>\n<\/div>\n<div style=\"clear: both;\"><\/div>\n<p>&nbsp;<\/p>\n","protected":false},"excerpt":{"rendered":"<p>Fremdkoerper &#8212; das sind f\u00fcnf Sauerl\u00e4nder Jungs, die in der aktuellen Besetzung seit 2016 deutschsprachigen Punk&#8217;n&#8217;Roll von der B\u00fchne in die Geh\u00f6rg\u00e4nge jagen. Nach unz\u00e4hligen Gigs in der Heimatregion sowie Clubs in Heidelberg, Mainz oder K\u00f6ln besitzen die Koerper heute eine treue Fanbase und blicken auf Konzerte mit Bands wie Sondaschule, Kapelle Petra und Jaya [&hellip;]<\/p>\n","protected":false},"author":1,"featured_media":0,"parent":0,"menu_order":1,"comment_status":"closed","ping_status":"closed","template":"","meta":{"footnotes":""},"class_list":["post-104","page","type-page","status-publish","hentry"],"_links":{"self":[{"href":"https:\/\/fremdkoerper.biz\/wordpress\/index.php\/wp-json\/wp\/v2\/pages\/104","targetHints":{"allow":["GET"]}}],"collection":[{"href":"https:\/\/fremdkoerper.biz\/wordpress\/index.php\/wp-json\/wp\/v2\/pages"}],"about":[{"href":"https:\/\/fremdkoerper.biz\/wordpress\/index.php\/wp-json\/wp\/v2\/types\/page"}],"author":[{"embeddable":true,"href":"https:\/\/fremdkoerper.biz\/wordpress\/index.php\/wp-json\/wp\/v2\/users\/1"}],"replies":[{"embeddable":true,"href":"https:\/\/fremdkoerper.biz\/wordpress\/index.php\/wp-json\/wp\/v2\/comments?post=104"}],"version-history":[{"count":98,"href":"https:\/\/fremdkoerper.biz\/wordpress\/index.php\/wp-json\/wp\/v2\/pages\/104\/revisions"}],"predecessor-version":[{"id":1765,"href":"https:\/\/fremdkoerper.biz\/wordpress\/index.php\/wp-json\/wp\/v2\/pages\/104\/revisions\/1765"}],"wp:attachment":[{"href":"https:\/\/fremdkoerper.biz\/wordpress\/index.php\/wp-json\/wp\/v2\/media?parent=104"}],"curies":[{"name":"wp","href":"https:\/\/api.w.org\/{rel}","templated":true}]}}